(-2 - 3)).
-1
Calculate (-2 - -10 - (9 - 6)) + 2.
7
Evaluate 5 + 5 + -7 + 0.
3
Calculate (-18 - -25) + (-5 - -2).
4
Evaluate 2 - 2 - 2 - (84 - 89).
3
What is -21 + (10 - 8) - -12?
-7
What is -3 + 3 - (0 + 1 - 1)?
0
(10 - 2) + -16 + 14
6
Calculate -5 - -2 - (3 + -1 + -1).
-4
-11 + -6 + 17 + -7 + 4
-3
Evaluate 5 + (0 - -1) + -1 - 1.
4
-7 + 5 - -2 - -4
4
What is (6 - 1) + (9 - 5) + -3?
6
-6 - ((14 - 16) + (0 - 1))
-3
Evaluate 8 + -18 + -2 + 22 + -20.
-10
What is the value of (5 + -8 - -3) + (1 - -1)?
2
Evaluate -1 - -7 - (-6 - (6 - 11)).
7
(1 - 0) + -3 + 0 - -3
1
Calculate (-5 - (6 + -12)) + 4.
5
Evaluate 7 - (4 - (6 + -4)).
5
Evaluate 6 - ((-1 - -1) + 4).
2
What is the value of (7 - 10) + 3 + -2?
-2
What is the value of 11 + -6 + -4 - (2 + -2)?
1
What is the value of (-2 - -2) + (3 - 8)?
-5
1 + -9 + (-6 - -17 - 8)
-5
5 + 3 - (1 + (21 - 5))
-9
-11 + 5 + -7 + 1 + 3
-9
What is the value of -2 + -2 + -3 + -4 + 8?
-3
What is 9 - (-5 + 5 - -7)?
2
What is the value of 0 + (-8 - -6) + -1?
-3
What is (0 - (6 - 9)) + -1 + -1?
1
Calculate 0 - (1 + -3 - 0).
2
What is (-3 - (1 + -8) - 3) + 4?
5
What is -6 + 0 - (-45 + 35)?
4
2 + -1 + -17 + 20
4
Calculate -5 + (8 - 0) + 1 + -2.
2
Evaluate -1 + (2 - 0 - (4 - -2)).
-5
Evaluate 3 + (-8 - (-2 + -8)).
5
What is the value of -8 + 0 + 5 - (-5 - -2)?
0
Evaluate -5 - ((-7 - (-3 + 1)) + -5).
5
Calculate -1 + (7 - (7 - 4)).
3
0 + 3 + -10 + 5
-2
What is 6 - (4 - (-1 - (1 + -7)))?
7
What is the value of -5 - (-2 + (-3 - -5))?
-5
What is the value of -2 + (0 - 1) + (0 - 0)?
-3
Calculate 20 - (-1 - (-14 - -3)).
10
(10 - (1 + 3)) + 0 + -3
3
-4 - ((3 + -7 - -4) + 0)
-4
Evaluate -2 - -1 - (1 + -7 + 9).
-4
What is 18 - (37 + -19) - (-1 + -5)?
6
-9 + 10 - (-1 + -4 - -3)
3
(23 - 21) + -11 + -1
-10
What is the value of (15 - 21) + -2 + 0?
-8
What is (-1 - (3 - 3)) + 6?
5
Evaluate 9 + 1 + -14 + 10.
6
(-5 - 6 - -5) + 3
-3
(-4 - 4 - -5) + (0 - -6)
3
What is the value of 1 + (-8 - -5) - -3?
1
What is the value of -2 - 4 - (4 - 9)?
-1
What is the value of 5 + (-6 + 3 - 4)?
-2
What is the value of -15 + 0 + 13 + -1?
-3
Evaluate -2 + 5 + (-25 - -20).
-2
Evaluate (0 - -1 - 4) + -2 + 0.
-5
What is the value of 4 + -5 - (-4 - (6 + -6))?
3
9 - 7 - (2 - 0)
0
Evaluate 4 + (1 - 3) - (-3 - -7).
-2
What is -11 - (-16 - (-5 + 1))?
1
Calculate -6 + (-5 + -5 + 17 - -3).
4
What is -5 - ((-3 - (0 - 3)) + -3)?
-2
Evaluate -2 + 0 - ((-11 - -11) + -3).
1
What is the value of 6 + (-4 - (6 + -1) - -5)?
2
(3 - (1 - 0)) + 3 + -3
2
(-3 - (2 + -2)) + -2 + 4
-1
Calculate (-3 - -7 - -8) + -6.
6
What is -5 - 2 - (2 + -7)?
-2
Calculate (3 + 1 - 8) + 2.
-2
Calculate -4 + (7 - -5) - (2 - -1).
5
3 + -12 + 11 - 6
-4
172 - 166 - (-1 - 0)
7
2 - 2 - 5 - (0 + -3)
-2
What is (-3 - 0) + (-4 - -2)?
-5
What is the value of 4 - (-7 - (7 + -14) - -4)?
0
What is (-10 - -4) + 4 + -1?
-3
6 + -8 + -5 - -8
1
Evaluate -7 - (0 - 7 - -3).
-3
What is 6 - 7 - (2 + (6 - 11))?
2
(-2 - (0 - 8)) + 35 + -38
3
What is -1 - 2 - ((-4 - 2) + 7)?
-4
Evaluate 6 - (0 + -2 - -6).
2
7 + -13 - -1 - -8
3
What is the value of -1 - (-6 + 2 + 4)?
-1
What is the value of -3 - -3 - (-4 - 1)?
5
(-5 + 3 - 0) + -15 + 9
-8
What is the value of 4 + (-1 - (-1 + -5) - 10)?
-1
What is (-3 + -7 - -5) + 0?
-5
Evaluate 4 + (-7 + 5 - 2) + -2.
-2
(3 - 5) + (-43 - -50)
5
What is -8 - -13 - (1 + 8)?
-4
What is the value of -9 + 19 - (-5 - -17)?
-2
What is the value of -1 - 12 - -9 - (-1 - 4)?
1
Calculate 2 + -6 - (2 + -3).
-3
Evaluate (4 - 3) + (-2 - -1).
0
(5 - -1) + (-2 - (6 - 8))
6
What is the value of 0 - 1 - (-7 + -3 + 16)?
-7
What is (-3 - -3) + (6 - 1)?
5
2 + 4 + -8 + 8 + -9
-3
Evaluate 1 - ((-6 - -4 - -5) + -6).
4
What is (-6 + 1 - -6) + 4?
5
What is the value of 28 - 23 - (5 + 0)?
0
Calculate 9 + (6 - 23) + 10.
2
Calculate -5 - (4 + 0 + -9).
0
Calculate 98 - 106 - (-1 + -1 - 6).
0
What is 3 + 1 + 1 + -38 + 37?
4
What is -2 - -5 - 3 - -2?
2
What is -1 + (0 - (7 - 14))?
6
-13 + 13 + -1 + -5 - -4
-2
What is 0 + 2 + 3 + 2?
7
Calculate 0 + (7 + -6 - (-5 - -4)).
2
Calculate -11 + 4 + -2 + -10 + 12.
-7
Evaluate 5 + (3 - (4 - 0)).
4
What is -14 + -2 + (11 - (9 + -5))?
-9
Calculate 0 + -2 - (-15 - -17).
-4
Calculate (13 + -4 - 2) + -4.
3
What is the value of 6 + (-17 - 2) + 11?
-2
Calculate -6 + 20 + -10 + -11.
-7
What is the value of 5 - (5 - (0 + (1 - 0)))?
1
Evaluate 0 + (5 - 7) + -1 + 1.
-2
What is -4 - ((0 - 6) + 6) - -5?
1
What is the value of 8 - 6 - 2 - -2?
2
Evaluate (3 - 6) + (6 - (5 + -3)).
1
14 + -26 + 11 - -11
10
(2 + -5 - (-1 - -1)) + 6
3
Calculate (1 - (7 + -3)) + -5 - -3.
-5
Calculate -5 - (1 + -1 + 2 + -6).
-1
What is -2 + 7 + (4 - 6)?
3
Calculate (-3 - -3) + (9 - 10).
-1
What is the value of -5 + (1 - 4) + 8?
0
What is the value of -7 + 5 - (-3 - -2)?
-1
-1 + 1 + (4 - 1)
3
What is the value of (2 - -3) + -1 - -2?
6
Evaluate -5 - (0 + 3 + -4).
-4
0 + (1 - 2) + -1 + -2
-4
9 + (1 - 6) + -1 + 4
7
What is the value of 8 - (6 - (-6 + 5) - 5)?
6
What is -2 - (-5 + 0) - (-9 - -5)?
7
12 + -9 + 0 + (-2 - 1)
0
What is the value of (-1 - -4) + (8 - 7)?
4
Calculate -1 + (0 - (-1 - (-4 + 5))).
1
What is (13 + -11 - 7) + (0 - 1)?
-6
-3 + 2 + 3 + 2
4
What is the value of -14 + 16 - (-2 + 2)?
2
Evaluate 2 + (15 - 15) - (1 - -8).
-7
Calculate -7 + (11 - (-11 - -13)).
2
What is the value of 1 + 0 + 5 + -1 + -7?
-2
Evaluate 0 + (6 - (-5 + 0 + 8)).
3
What is the value of -2 + 0 + (-2 - -6)?
2
Calculate 9 - (5 - (-10 + 3)).
-3
What is (-3 - -7 - 24) + 5 - -7?
-8
Evaluate -2 + (1 - -2) + -2 + -2.
-3
Evaluate -17 + 18 - ((1 - 0) + -2).
2
Evaluate (3 - -3) + -2 + -8 - -8.
4
What is the value of 2 - (0 + 0 - (5 + -5))?
2
Evaluate -3 + 5 + 3 - 4.
1
8 + 1 + (-3 - 1) + -2
3
-6 + (-9 - -19) - 2
2
21 - 23 - (1 + -3)
0
Calculate (5 - (-13 + 5)) + (-1 - 4).
8
Calculate -18 + 23 + -2 + -6.
-3
-9 - -9 - (3 + 0)
-3
What is 1 - 3 - ((-6 - 8) + 20)?
-8
Calculate 4 + -3 - (4 + -8 + 1).
4
0 + -2 + -2 - -1
-3
Calculate 1 + (-6 - (-2 - 7 - 3)).
7
What is the value of 6 - (9 - 9 - -5)?
1
Calculate (-1 - (1 + 3 + -7)) + 0.
2
Calculate 0 - -1 - (-11 + (8 - -2)).
2
What is the value of 18 + -10 + -4 - (-2 + 14)?
-8
-7 - (-4 - (4 + -5))
-4
-5 + 1 - (4 - (3 + 4))
-1
Calculate 0 + 0 + 5 + (-12 - -8).
1
What is 5 - (-4 - -8) - 1 - 3?
-3
What is the value of 101 - 100 - (-4 - -1)?
4
Calculate 1 - 0 - 0 - (-30 + 34).
-3
Calculate 6 - 9 - (5 + -2 - 1).
-5
What is 11 + -19 - (1 + -11)?
2
Calculate 4 + -2 + -5 - (7 + -5).
-5
Evaluate -6 + -2 + -13 + 17.
-4
What is the value of 8 + (-5 - -10 - 7)?
6
What is the value of -1 - -6 - (10 + -3)?
-2
What is (-3 - (-8 + 2)) + -5 + 0?
-2
What is 1 + (0 - 5) + 3?
-1
What is the value of 3 + (5 - (-5 + 9))?
4
What is the value of 4 + (-8 - -4) + 1 + -5?
-4
-1 - (3 + (-3 + -5 - -5))
-1
What is -5 + (12 - 10 - -6)?
3
What is -1 + 4 + -2 + (4 - 0)?
5
Calculate -31 - -30 - ((-2 - -1) + 1).
-1
Evaluate (-173 - -188) + (1 - (-1 - -7)).
10
(5 - -1) + -80 + 81
7
(3 - 6 - 0) + -4 + 15
8
Evaluate 0 + 10 - (-16 + 24).
2
-7 - (0 - 5 - 1)
-1
What is 5 - (1 + -1 + 0)?
5
What is -13 + 5 - (-11 - -20 - 14)?
-3
-1 + 4 + 5 - 3
5
What is the value of -9 - (-23 + 1 + 8)?
5
8 + (2 - 6) - 0 - 4
0
What is the value of (12 + -6 - 1) + (-9 - -8)?
4
Calculate 7 + -2 - (0 - -2).
3
What is the value of 4 + (-2 - 4) + 1 + 0?
-1
What is the value of (8 - 1) + (-10 - -1)?
-2
Calculate -15 + 1 + -45 + 51.
-8
Calculate -4 - (-6 + -2 + 5) - -6.
5
4 + (-13 - 1) + 9
-1
What is 4 + -2 + (2 + 1 - 4)?
1
1 - 17 - (-23 - -13)
-6
What is the value of -3 + -10 + 5 - -6?
-2
What is 3 - -6 - 10 - 0?
-1
What is the value of 6 - (8 - 4 - -3 - -7)?
-8
What is (3 - 3) + (3 - 4) - 0?
-1
What is (0 - 0) + (8 - 8) + 4?
4
Evaluate (-5 - -2 - -3) + -6.
-6
Calculate 2 + -1 + -1 + (-4 - -3).
-1
Evaluate 5 - -7 - (-1 - 0 - -6).
7
Evaluate (-2 - (-1 - 0)) + -1.
-2
What is -13 + 5 + -9 + 9?
-8
10 + (6 - 21) + (-2 - 0)
-7
Evaluate 6 + (7 + -6 - 1 - 1).
5
Evaluate -8 + -5 + 3 + 3 + 1.
-6
Evaluate (-1 - 1) + (-5 - (10 + -12)).
-5
Calculate -4 - (-9 + (4 + -10 - -3)).
8
What is 6 + (1 - (4 - (0 - 5)))?
-2
What is (-2 - (1 + -2)) + 16 + -13?
2
Evaluate -3 - (0 + -3 + -1).
1
What is the value of -83 - -87 - (-2 + 0)?
6
What is the value of -1 + -2 + 7 + 1?
5
(11 - 0) + -2 + -17
-8
What is -2 + -5 - (-7 + -1)?
1
0 + 0 - 1 - (-15 - -9)
5
2 + 2 - (-1 + 3)
2
What is -4 - 3 - (7 + -6